what is 112 + -125426?
-125314
In base 13, what is 2300 - -234c4?
257c4
In base 9, what is -44530 + -6753?
-52383
In base 5, what is 13014 - -114043100?
114111114
In base 8, what is -26626 + -17067?
-45715
In base 13, what is -3223454 - 1?
-3223455
In base 3, what is 11210210210 - -220?
11210211200
In base 3, what is 1111200012 + -12200020?
1021222222
In base 2, what is -1001010110100 + 1101111000111011?
1100101110000111
In base 6, what is -33141 + -35041?
-112222
In base 9, what is 13563152 + -4?
13563147
In base 10, what is -160642 - 463?
-161105
In base 10, what is -71 + -549692?
-549763
In base 9, what is 88 - -143238?
143337
In base 9, what is 1003 + 2234?
3237
In base 4, what is 3 - 2211011331?
-2211011322
In base 14, what is 45 - -6974a?
69791
In base 13, what is -89 - b52062?
-b5211b
In base 12, what is -8 - 8785b?
-87867
In base 5, what is -14204342440 - 2?
-14204342442
In base 15, what is -3 + -9d0828?
-9d082b
In base 15, what is 1 - -3052d9e?
3052da0
In base 12, what is 3 - -1b0b3ab9?
1b0b3b00
In base 16, what is -176e7 - -6b0?
-17037
In base 16, what is 279 + -b52b?
-b2b2
In base 8, what is 2747452 - -703?
2750355
In base 14, what is -b8 - 3547aa?
-354884
In base 2, what is -10 - 10011110010100100100010111?
-10011110010100100100011001
In base 14, what is -6a275 - -37?
-6a23c
In base 15, what is -3 - -4213e4?
4213e1
In base 3, what is 22211200102201 - -12?
22211200102220
In base 5, what is -332104213 - -4?
-332104204
In base 13, what is 0 - 4218c6a?
-4218c6a
In base 8, what is -76466 + -330?
-77016
In base 5, what is -1 + 33432420202?
33432420201
In base 4, what is -1 - -111320023023?
111320023022
In base 16, what is -8d17d - e7?
-8d264
In base 15, what is -4 + -4c94aa?
-4c94ae
In base 8, what is -66614222 + -3?
-66614225
In base 13, what is 59017b + 4?
590182
In base 14, what is -48 - -26999d?
269955
In base 12, what is 6444299 + 1?
644429a
In base 3, what is 21220002222 + -10200?
21212222022
In base 7, what is -5 - 23553465?
-23553503
In base 16, what is 2b43e0 + 5?
2b43e5
In base 8, what is -13502 + -246262?
-261764
In base 2, what is 11011011010100001101 - 1010100111?
11011011001001100110
In base 16, what is d6d - 1037?
-2ca
In base 13, what is -980 + -c855b?
-c920b
In base 10, what is 3 - -68097647?
68097650
In base 7, what is -135 + -565361?
-565526
In base 4, what is -1323221030 + 1?
-1323221023
In base 12, what is 15b5 - 1a038?
-18643
In base 5, what is 3324214120 + -20?
3324214100
In base 8, what is 141 + -467355?
-467214
In base 11, what is 4447 + 16967?
20303
In base 6, what is 0 - -105121200?
105121200
In base 12, what is 723b + -218?
7023
In base 9, what is -3 + 6702307?
6702304
In base 2, what is 11010110111 - -11111011000?
111010001111
In base 8, what is 120 + -263517?
-263377
In base 9, what is 86438 - -888?
87437
In base 7, what is -201 + -11204541?
-11205042
In base 13, what is -2753b80 - 3?
-2753b83
In base 4, what is 131 - -1023033012210?
1023033013001
In base 16, what is 1e - -7a4fb?
7a519
In base 6, what is 315121204 - 12?
315121152
In base 13, what is 980 - -17cb?
247b
In base 8, what is -543 + 1022150?
1021405
In base 13, what is -1117ba - 110?
-1118ca
In base 15, what is 9 - -20c273?
20c27c
In base 11, what is 8845591 - 5?
8845587
In base 12, what is -a + -2b68052?
-2b68060
In base 13, what is -8b - -41a26?
41968
In base 4, what is 3 - -12322333232?
12322333301
In base 7, what is -116 - 2244004?
-2244123
In base 7, what is 1 + 13252436?
13252440
In base 8, what is -34005407 - -3?
-34005404
In base 6, what is -13024153 - 241?
-13024434
In base 16, what is -24d0 + 2e3?
-21ed
In base 6, what is -1422 - -225503?
224041
In base 13, what is -4ba - 6832?
-701c
In base 6, what is 3 - 105414242?
-105414235
In base 5, what is -123 - 1141100040?
-1141100213
In base 9, what is -5 + 6720843?
6720837
In base 6, what is -1321550 + 404?
-1321142
In base 16, what is 6dc7 + 2a0?
7067
In base 3, what is -1100012012200010 - 12?
-1100012012200022
In base 7, what is -5 - 260654152?
-260654160
In base 15, what is -1b1 + 10eac?
10ceb
In base 11, what is -55 + -6015a6?
-601650
In base 16, what is -20c + 284cc3?
284ab7
In base 14, what is -26c3 + -13061?
-15744
In base 7, what is 53002 + -244?
52425
In base 10, what is -2333701426 - -3?
-2333701423
In base 4, what is 30 + 10123310220112?
10123310220202
In base 9, what is 1 + -42360216?
-42360215
In base 9, what is -11 - -35246465?
35246454
In base 14, what is 10a9a78 + -37?
10a9a41
In base 8, what is 13 - -13464311?
13464324
In base 4, what is -23211323 - -20003?
-23131320
In base 3, what is -102202022211011 + -10?
-102202022211021
In base 4, what is 1 + -22110201002133?
-22110201002132
In base 14, what is 552b1 - -79?
5534a
In base 8, what is 126535731 + -35?
126535674
In base 16, what is 0 + -f525f?
-f525f
In base 9, what is 88578818 - -11?
88578830
In base 8, what is 31774 + 2766?
34762
In base 6, what is 2231 - -141031?
143302
In base 11, what is -4926 - 4053a?
-45365
In base 2, what is -100000111111011100111100001 + -101?
-100000111111011100111100110
In base 11, what is -1438399 - a3?
-1438491
In base 2, what is 110011001000 + -11101011011?
10101101101
In base 12, what is -1298210 + 67?
-1298165
In base 13, what is 5 - 99cc432?
-99cc42a
In base 15, what is 0 - 4588353?
-4588353
In base 6, what is 1211 + -213203?
-211552
In base 8, what is 77773 - 3734?
74037
In base 8, what is -6223 - 42126?
-50351
In base 14, what is 5019 - -84?
509d
In base 4, what is 1012011311321011 - 11?
1012011311321000
In base 10, what is -15086702 - -2?
-15086700
In base 8, what is 3 + 657435571?
657435574
In base 11, what is 276 - -42937?
43102
In base 7, what is -11 + -212055331?
-212055342
In base 13, what is 1a - 531c67a?
-531c660
In base 10, what is 4206 - 47075?
-42869
In base 15, what is -14 - -34524d?
345239
In base 10, what is -871525524 + -3?
-871525527
In base 4, what is -1 - 112203123022?
-112203123023
In base 14, what is -80cc2 - d?
-80cd1
In base 10, what is -20 - 2137363?
-2137383
In base 2, what is 111100111001001011 - -1001110?
111100111010011001
In base 14, what is 9b681b1 - 1?
9b681b0
In base 12, what is -93903636 + 5?
-93903631
In base 9, what is 1374402 - 617?
1373674
In base 3, what is -10011012012 + -2211?
-10011022000
In base 14, what is c - -4bdd74d?
4bdd75b
In base 15, what is 128dc8 - -63?
128e3b
In base 13, what is 1449928 + -3?
1449925
In base 9, what is 380 + -7231?
-6741
In base 16, what is -6c + 381e3?
38177
In base 12, what is 6734a - -327?
67675
In base 8, what is -6 - 347104743?
-347104751
In base 2, what is 100011111001 + -110010011?
11101100110
In base 15, what is -8 - 9c775?
-9c77d
In base 9, what is -3 - -13338657?
13338654
In base 15, what is beaa3b + 4?
beaa40
In base 3, what is 12001201022 + -1100?
12001122222
In base 6, what is -1130234523 - -3?
-1130234520
In base 11, what is 2a8 + 268862?
26905a
In base 15, what is 13b68d18 - 0?
13b68d18
In base 11, what is -69499 - -423?
-69076
In base 8, what is -5455536 - 3?
-5455541
In base 13, what is -594 - 4886?
-514a
In base 6, what is -210412511225 - -2?
-210412511223
In base 9, what is 4 - -23634?
23638
In base 9, what is 51 - -14064638?
14064700
In base 7, what is 22 + -44514263?
-44514241
In base 9, what is 417522 + -215?
417306
In base 9, what is -1 + -24024237?
-24024238
In base 7, what is 2 - 14044543?
-14044541
In base 5, what is 120241 + -232434?
-112143
In base 12, what is 74 - -86b18?
86b90
In base 12, what is -1251595 + 1?
-1251594
In base 3, what is 2000102001002 - -2?
2000102001011
In base 6, what is 5 - 101551435?
-101551430
In base 11, what is -22945 + 3a72?
-19983
In base 4, what is 21300 - 30120?
-2220
In base 2, what is 110001000110001101001100 - -1?
110001000110001101001101
In base 2, what is -1010010111001 + -1011101010111000?
-1100111101110001
In base 12, what is -817a2 - 121?
-81903
In base 15, what is 5 - 1ac57a?
-1ac575
In base 9, what is 5 - -580165?
580171
In base 14, what is 336856a8 + 1?
336856a9
In base 7, what is 654600 + -54?
654513
In base 6, what is -3 - -10320055513?
10320055510
In base 15, what is -2e9 - 3e5a?
-4254
In base 12, what is 4093457 - 2?
4093455
In base 7, what is 336113056 - 26?
336113030
In base 14, what is -135 - 3363?
-3498
In base 13, what is 44a478a + -58?
44a47